{"id":948,"date":"2017-02-10T10:01:51","date_gmt":"2017-02-10T09:01:51","guid":{"rendered":"http:\/\/public-worxs.com\/mayer-shop\/index.php\/produkt\/waschzwerg\/"},"modified":"2017-02-13T09:40:11","modified_gmt":"2017-02-13T08:40:11","slug":"waschzwerg","status":"publish","type":"product","link":"https:\/\/www.3d-holzwelt.de\/index.php\/produkt\/waschzwerg\/","title":{"rendered":"Waschzwerg"},"content":{"rendered":"<p>Holzart: Apfelbaum<br \/>\nGr\u00f6\u00dfe: B 450 x H 150 x T 300 mm<br \/>\nBeckeninnenma\u00dfe: B 400\u00a0x H 120 x T 250 mm<br \/>\nGewicht: 4,8 kg<br \/>\nAusf\u00fchrung: ohne Hahnloch, ohne Push-Open-Ventil<\/p>\n","protected":false},"excerpt":{"rendered":"<p>Waschzwerg, f\u00fcr dieses formsch\u00f6ne zierliche Waschbecken findet sich immer ein Pl\u00e4tzchen in ihrem Bad.<\/p>\n","protected":false},"featured_media":950,"comment_status":"open","ping_status":"closed","template":"","meta":[],"_links":{"self":[{"href":"https:\/\/www.3d-holzwelt.de\/index.php\/wp-json\/wp\/v2\/product\/948"}],"collection":[{"href":"https:\/\/www.3d-holzwelt.de\/index.php\/wp-json\/wp\/v2\/product"}],"about":[{"href":"https:\/\/www.3d-holzwelt.de\/index.php\/wp-json\/wp\/v2\/types\/product"}],"replies":[{"embeddable":true,"href":"https:\/\/www.3d-holzwelt.de\/index.php\/wp-json\/wp\/v2\/comments?post=948"}],"wp:featuredmedia":[{"embeddable":true,"href":"https:\/\/www.3d-holzwelt.de\/index.php\/wp-json\/wp\/v2\/media\/950"}],"wp:attachment":[{"href":"https:\/\/www.3d-holzwelt.de\/index.php\/wp-json\/wp\/v2\/media?parent=948"}],"curies":[{"name":"wp","href":"https:\/\/api.w.org\/{rel}","templated":true}]}}